{"id":27,"date":"2014-10-07T16:12:22","date_gmt":"2014-10-07T14:12:22","guid":{"rendered":"http:\/\/traumanetzsalzburg.at\/?page_id=27"},"modified":"2024-09-25T10:59:56","modified_gmt":"2024-09-25T09:59:56","slug":"das-team","status":"publish","type":"page","link":"https:\/\/www.traumanetzsalzburg.at\/tnw2015\/ueber-uns\/das-team\/","title":{"rendered":"Das Team"},"content":{"rendered":"<div id=\"pl-27\"  class=\"panel-layout\" ><div id=\"pg-27-0\"  class=\"panel-grid panel-no-style\" ><div id=\"pgc-27-0-0\"  class=\"panel-grid-cell\" ><div id=\"panel-27-0-0-0\" class=\"so-panel widget widget_sow-image panel-first-child panel-last-child\" data-index=\"0\" ><div\n\t\t\t\n\t\t\tclass=\"so-widget-sow-image so-widget-sow-image-default-8b5b6f678277-27\"\n\t\t\t\n\t\t>\n\n<div class=\"sow-image-container\">\n\t\t<img src=\"https:\/\/www.traumanetzsalzburg.at\/tnw2015\/wp-content\/uploads\/2014\/10\/Voelckel.jpg\" width=\"588\" height=\"754\" srcset=\"https:\/\/www.traumanetzsalzburg.at\/tnw2015\/wp-content\/uploads\/2014\/10\/Voelckel.jpg 588w, https:\/\/www.traumanetzsalzburg.at\/tnw2015\/wp-content\/uploads\/2014\/10\/Voelckel-234x300.jpg 234w\" sizes=\"(max-width: 588px) 100vw, 588px\" alt=\"\" loading=\"lazy\" \t\tclass=\"so-widget-image img-responsive\"\/>\n\t<\/div>\n\n<\/div><\/div><\/div><div id=\"pgc-27-0-1\"  class=\"panel-grid-cell\" ><div id=\"panel-27-0-1-0\" class=\"so-panel widget widget_sow-editor panel-first-child panel-last-child\" data-index=\"1\" ><div\n\t\t\t\n\t\t\tclass=\"so-widget-sow-editor so-widget-sow-editor-base\"\n\t\t\t\n\t\t><h3 class=\"widget-title\">Prof. Dr. Wolfgang Voelckel<\/h3>\n<div class=\"siteorigin-widget-tinymce textwidget\">\n\t<p>Netzwerksprecher<\/p>\n<p>Primarius am UKH Salzburg<br \/>\nFacharzt f\u00fcr An\u00e4sthesie und Intensivmedizin<br \/>\nWolfgang.voelckel@auva.at<\/p>\n<\/div>\n<\/div><\/div><\/div><div id=\"pgc-27-0-2\"  class=\"panel-grid-cell\" ><div id=\"panel-27-0-2-0\" class=\"so-panel widget widget_sow-image panel-first-child panel-last-child\" data-index=\"2\" ><div\n\t\t\t\n\t\t\tclass=\"so-widget-sow-image so-widget-sow-image-default-8b5b6f678277-27\"\n\t\t\t\n\t\t>\n\n<div class=\"sow-image-container\">\n\t\t<img src=\"https:\/\/www.traumanetzsalzburg.at\/tnw2015\/wp-content\/uploads\/2015\/01\/k\u00f6nig.jpg\" width=\"583\" height=\"750\" srcset=\"https:\/\/www.traumanetzsalzburg.at\/tnw2015\/wp-content\/uploads\/2015\/01\/k\u00f6nig.jpg 583w, https:\/\/www.traumanetzsalzburg.at\/tnw2015\/wp-content\/uploads\/2015\/01\/k\u00f6nig-233x300.jpg 233w\" sizes=\"(max-width: 583px) 100vw, 583px\" title=\"Dr. Michael K\u00f6nig\" alt=\"\" loading=\"lazy\" \t\tclass=\"so-widget-image img-responsive\"\/>\n\t<\/div>\n\n<\/div><\/div><\/div><div id=\"pgc-27-0-3\"  class=\"panel-grid-cell\" ><div id=\"panel-27-0-3-0\" class=\"so-panel widget widget_sow-editor panel-first-child panel-last-child\" data-index=\"3\" ><div\n\t\t\t\n\t\t\tclass=\"so-widget-sow-editor so-widget-sow-editor-base\"\n\t\t\t\n\t\t><h3 class=\"widget-title\">Dr. Michael K\u00f6nig<\/h3>\n<div class=\"siteorigin-widget-tinymce textwidget\">\n\t<p>Bundeslandmoderator<\/p>\n<p>OA der Abt. f\u00fcr Unfallchirurgie und Sporttraumatologie<br \/>\nam KH Schwarzach<\/p>\n<p>Facharzt f\u00fcr Unfallchirurgie<\/p>\n<\/div>\n<\/div><\/div><\/div><\/div><div id=\"pg-27-1\"  class=\"panel-grid panel-no-style\" ><div id=\"pgc-27-1-0\"  class=\"panel-grid-cell\" ><div id=\"panel-27-1-0-0\" class=\"so-panel widget widget_sow-image panel-first-child panel-last-child\" data-index=\"4\" ><div\n\t\t\t\n\t\t\tclass=\"so-widget-sow-image so-widget-sow-image-default-8b5b6f678277-27\"\n\t\t\t\n\t\t>\n\n<div class=\"sow-image-container\">\n\t\t<img src=\"https:\/\/www.traumanetzsalzburg.at\/tnw2015\/wp-content\/uploads\/2024\/09\/Portrait1.jpg\" width=\"222\" height=\"291\" sizes=\"(max-width: 222px) 100vw, 222px\" alt=\"\" loading=\"lazy\" \t\tclass=\"so-widget-image img-responsive\"\/>\n\t<\/div>\n\n<\/div><\/div><\/div><div id=\"pgc-27-1-1\"  class=\"panel-grid-cell\" ><div id=\"panel-27-1-1-0\" class=\"so-panel widget widget_sow-editor panel-first-child panel-last-child\" data-index=\"5\" ><div\n\t\t\t\n\t\t\tclass=\"so-widget-sow-editor so-widget-sow-editor-base\"\n\t\t\t\n\t\t><h3 class=\"widget-title\">Dr. Andreas Hartmann<\/h3>\n<div class=\"siteorigin-widget-tinymce textwidget\">\n\t<p>Erster Oberarzt der UK f\u00fcr Orthop\u00e4die und Traumatologie<\/p>\n<p>Universit\u00e4tsklinikum der Paracelsus Medizinische Privatuniversit\u00e4t<\/p>\n<p>Facharzt f\u00fcr Unfall- und Allgemeinchirurgie,<br \/>\nOrthop\u00e4die und Traumatologie<\/p>\n<\/div>\n<\/div><\/div><\/div><div id=\"pgc-27-1-2\"  class=\"panel-grid-cell\" ><div id=\"panel-27-1-2-0\" class=\"so-panel widget widget_sow-image panel-first-child panel-last-child\" data-index=\"6\" ><div\n\t\t\t\n\t\t\tclass=\"so-widget-sow-image so-widget-sow-image-default-8b5b6f678277-27\"\n\t\t\t\n\t\t>\n\n<div class=\"sow-image-container\">\n\t\t<img title=\"Das Team\" alt=\"\" loading=\"lazy\" \t\tclass=\"so-widget-image img-responsive\"\/>\n\t<\/div>\n\n<\/div><\/div><\/div><div id=\"pgc-27-1-3\"  class=\"panel-grid-cell\" ><div id=\"panel-27-1-3-0\" class=\"so-panel widget widget_sow-editor panel-first-child panel-last-child\" data-index=\"7\" ><div\n\t\t\t\n\t\t\tclass=\"so-widget-sow-editor so-widget-sow-editor-base\"\n\t\t\t\n\t\t><h3 class=\"widget-title\">Dr. Markus Garber<\/h3>\n<div class=\"siteorigin-widget-tinymce textwidget\">\n\t<p>Interimistischer Leiter der Abteilung f\u00fcr Orthop\u00e4die und Traumatologie<\/p>\n<p>Facharzt f\u00fcr Unfallchirurgie<\/p>\n<\/div>\n<\/div><\/div><\/div><\/div><div id=\"pg-27-2\"  class=\"panel-grid panel-no-style\" ><div id=\"pgc-27-2-0\"  class=\"panel-grid-cell\" ><div id=\"panel-27-2-0-0\" class=\"so-panel widget widget_sow-image panel-first-child panel-last-child\" data-index=\"8\" ><div\n\t\t\t\n\t\t\tclass=\"so-widget-sow-image so-widget-sow-image-default-8b5b6f678277-27\"\n\t\t\t\n\t\t>\n\n<div class=\"sow-image-container\">\n\t\t<img src=\"https:\/\/www.traumanetzsalzburg.at\/tnw2015\/wp-content\/uploads\/2014\/10\/Dr-Juergen-Barth1.jpg\" width=\"588\" height=\"757\" srcset=\"https:\/\/www.traumanetzsalzburg.at\/tnw2015\/wp-content\/uploads\/2014\/10\/Dr-Juergen-Barth1.jpg 588w, https:\/\/www.traumanetzsalzburg.at\/tnw2015\/wp-content\/uploads\/2014\/10\/Dr-Juergen-Barth1-233x300.jpg 233w\" sizes=\"(max-width: 588px) 100vw, 588px\" title=\"Dr Juergen Barth1\" alt=\"\" loading=\"lazy\" \t\tclass=\"so-widget-image img-responsive\"\/>\n\t<\/div>\n\n<\/div><\/div><\/div><div id=\"pgc-27-2-1\"  class=\"panel-grid-cell\" ><div id=\"panel-27-2-1-0\" class=\"so-panel widget widget_sow-editor panel-first-child panel-last-child\" data-index=\"9\" ><div\n\t\t\t\n\t\t\tclass=\"so-widget-sow-editor so-widget-sow-editor-base\"\n\t\t\t\n\t\t><h3 class=\"widget-title\">Dr. J\u00fcrgen Barth<\/h3>\n<div class=\"siteorigin-widget-tinymce textwidget\">\n\t<p>Vorstand der Abt. f\u00fcr Unfallchirurgie<br \/>\nam KH St. Josef Braunau<\/p>\n<p>Facharzt f\u00fcr Unfallchirugie<\/p>\n<\/div>\n<\/div><\/div><\/div><div id=\"pgc-27-2-2\"  class=\"panel-grid-cell\" ><div id=\"panel-27-2-2-0\" class=\"so-panel widget widget_sow-image panel-first-child panel-last-child\" data-index=\"10\" ><div\n\t\t\t\n\t\t\tclass=\"so-widget-sow-image so-widget-sow-image-default-8b5b6f678277-27\"\n\t\t\t\n\t\t>\n\n<div class=\"sow-image-container\">\n\t\t<img src=\"https:\/\/www.traumanetzsalzburg.at\/tnw2015\/wp-content\/uploads\/2014\/10\/dr-ralph-woidke1.jpg\" width=\"588\" height=\"749\" srcset=\"https:\/\/www.traumanetzsalzburg.at\/tnw2015\/wp-content\/uploads\/2014\/10\/dr-ralph-woidke1.jpg 588w, https:\/\/www.traumanetzsalzburg.at\/tnw2015\/wp-content\/uploads\/2014\/10\/dr-ralph-woidke1-236x300.jpg 236w\" sizes=\"(max-width: 588px) 100vw, 588px\" title=\"dr ralph woidke1\" alt=\"\" loading=\"lazy\" \t\tclass=\"so-widget-image img-responsive\"\/>\n\t<\/div>\n\n<\/div><\/div><\/div><div id=\"pgc-27-2-3\"  class=\"panel-grid-cell\" ><div id=\"panel-27-2-3-0\" class=\"so-panel widget widget_sow-editor panel-first-child panel-last-child\" data-index=\"11\" ><div\n\t\t\t\n\t\t\tclass=\"so-widget-sow-editor so-widget-sow-editor-base\"\n\t\t\t\n\t\t><h3 class=\"widget-title\">Dr. Ralph Woidke<\/h3>\n<div class=\"siteorigin-widget-tinymce textwidget\">\n\t<p>OA am UKH Salzburg<\/p>\n<p>Facharzt f\u00fcr Unfall- und Allgemeinchirurgie<\/p>\n<\/div>\n<\/div><\/div><\/div><\/div><div id=\"pg-27-3\"  class=\"panel-grid panel-no-style\" ><div id=\"pgc-27-3-0\"  class=\"panel-grid-cell\" ><div id=\"panel-27-3-0-0\" class=\"so-panel widget widget_sow-image panel-first-child panel-last-child\" data-index=\"12\" ><div\n\t\t\t\n\t\t\tclass=\"so-widget-sow-image so-widget-sow-image-default-8b5b6f678277-27\"\n\t\t\t\n\t\t>\n\n<div class=\"sow-image-container\">\n\t\t<img src=\"https:\/\/www.traumanetzsalzburg.at\/tnw2015\/wp-content\/uploads\/2014\/10\/Prim-Dr-Vaclav-Ruzucka1.jpg\" width=\"588\" height=\"752\" srcset=\"https:\/\/www.traumanetzsalzburg.at\/tnw2015\/wp-content\/uploads\/2014\/10\/Prim-Dr-Vaclav-Ruzucka1.jpg 588w, https:\/\/www.traumanetzsalzburg.at\/tnw2015\/wp-content\/uploads\/2014\/10\/Prim-Dr-Vaclav-Ruzucka1-235x300.jpg 235w\" sizes=\"(max-width: 588px) 100vw, 588px\" title=\"Prim Dr Vaclav Ruzucka1\" alt=\"\" loading=\"lazy\" \t\tclass=\"so-widget-image img-responsive\"\/>\n\t<\/div>\n\n<\/div><\/div><\/div><div id=\"pgc-27-3-1\"  class=\"panel-grid-cell\" ><div id=\"panel-27-3-1-0\" class=\"so-panel widget widget_sow-editor panel-first-child panel-last-child\" data-index=\"13\" ><div\n\t\t\t\n\t\t\tclass=\"so-widget-sow-editor so-widget-sow-editor-base\"\n\t\t\t\n\t\t><h3 class=\"widget-title\">Dr. Vaclav Ruzicka<\/h3>\n<div class=\"siteorigin-widget-tinymce textwidget\">\n\t<p>Vorstand der Abt. f\u00fcr Unfallchirurgie<br \/>\nam KH Tamsweg<\/p>\n<p>Facharzt f\u00fcr Unfallchirurgie und Orthop\u00e4die<\/p>\n<\/div>\n<\/div><\/div><\/div><div id=\"pgc-27-3-2\"  class=\"panel-grid-cell\" ><div id=\"panel-27-3-2-0\" class=\"so-panel widget widget_sow-image panel-first-child panel-last-child\" data-index=\"14\" ><div\n\t\t\t\n\t\t\tclass=\"so-widget-sow-image so-widget-sow-image-default-8b5b6f678277-27\"\n\t\t\t\n\t\t>\n\n<div class=\"sow-image-container\">\n\t\t<img src=\"https:\/\/www.traumanetzsalzburg.at\/tnw2015\/wp-content\/uploads\/2014\/10\/dr-thanner1.jpg\" width=\"588\" height=\"748\" srcset=\"https:\/\/www.traumanetzsalzburg.at\/tnw2015\/wp-content\/uploads\/2014\/10\/dr-thanner1.jpg 588w, https:\/\/www.traumanetzsalzburg.at\/tnw2015\/wp-content\/uploads\/2014\/10\/dr-thanner1-236x300.jpg 236w\" sizes=\"(max-width: 588px) 100vw, 588px\" title=\"dr thanner1\" alt=\"\" loading=\"lazy\" \t\tclass=\"so-widget-image img-responsive\"\/>\n\t<\/div>\n\n<\/div><\/div><\/div><div id=\"pgc-27-3-3\"  class=\"panel-grid-cell\" ><div id=\"panel-27-3-3-0\" class=\"so-panel widget widget_sow-editor panel-first-child panel-last-child\" data-index=\"15\" ><div\n\t\t\t\n\t\t\tclass=\"so-widget-sow-editor so-widget-sow-editor-base\"\n\t\t\t\n\t\t><h3 class=\"widget-title\">Dr. Martin Thanner<\/h3>\n<div class=\"siteorigin-widget-tinymce textwidget\">\n\t<p>Assistenzarzt f\u00fcr Unfallchirurgie<br \/>\nKrankenhaus Tamsweg<\/p>\n<\/div>\n<\/div><\/div><\/div><\/div><div id=\"pg-27-4\"  class=\"panel-grid panel-no-style\" ><div id=\"pgc-27-4-0\"  class=\"panel-grid-cell\" ><div id=\"panel-27-4-0-0\" class=\"so-panel widget widget_sow-image panel-first-child panel-last-child\" data-index=\"16\" ><div\n\t\t\t\n\t\t\tclass=\"so-widget-sow-image so-widget-sow-image-default-8b5b6f678277-27\"\n\t\t\t\n\t\t>\n\n<div class=\"sow-image-container\">\n\t\t<img src=\"https:\/\/www.traumanetzsalzburg.at\/tnw2015\/wp-content\/uploads\/2015\/01\/mittermair.jpg\" width=\"581\" height=\"750\" srcset=\"https:\/\/www.traumanetzsalzburg.at\/tnw2015\/wp-content\/uploads\/2015\/01\/mittermair.jpg 581w, https:\/\/www.traumanetzsalzburg.at\/tnw2015\/wp-content\/uploads\/2015\/01\/mittermair-232x300.jpg 232w\" sizes=\"(max-width: 581px) 100vw, 581px\" title=\"Dr. Manfred Mittermair\" alt=\"\" loading=\"lazy\" \t\tclass=\"so-widget-image img-responsive\"\/>\n\t<\/div>\n\n<\/div><\/div><\/div><div id=\"pgc-27-4-1\"  class=\"panel-grid-cell\" ><div id=\"panel-27-4-1-0\" class=\"so-panel widget widget_sow-editor panel-first-child panel-last-child\" data-index=\"17\" ><div\n\t\t\t\n\t\t\tclass=\"so-widget-sow-editor so-widget-sow-editor-base\"\n\t\t\t\n\t\t><h3 class=\"widget-title\">Dr. Manfred Mittermair<\/h3>\n<div class=\"siteorigin-widget-tinymce textwidget\">\n\t<p>Vorstand der Abt. f\u00fcr Unfallchirurgie und Sporttraumatologie<br \/>\nam KH Schwarzach<\/p>\n<p>Facharzt f\u00fcr Unfallchirurgie<\/p>\n<\/div>\n<\/div><\/div><\/div><div id=\"pgc-27-4-2\"  class=\"panel-grid-cell panel-grid-cell-empty panel-grid-cell-mobile-last\" ><\/div><div id=\"pgc-27-4-3\"  class=\"panel-grid-cell panel-grid-cell-empty\" ><\/div><\/div><div id=\"pg-27-5\"  class=\"panel-grid panel-no-style\" ><div id=\"pgc-27-5-0\"  class=\"panel-grid-cell\" ><div id=\"panel-27-5-0-0\" class=\"so-panel widget widget_sow-image panel-first-child panel-last-child\" data-index=\"18\" ><div\n\t\t\t\n\t\t\tclass=\"so-widget-sow-image so-widget-sow-image-default-8b5b6f678277-27\"\n\t\t\t\n\t\t>\n\n<div class=\"sow-image-container\">\n\t\t<img src=\"https:\/\/www.traumanetzsalzburg.at\/tnw2015\/wp-content\/uploads\/2015\/01\/cudrigh.jpg\" width=\"582\" height=\"750\" srcset=\"https:\/\/www.traumanetzsalzburg.at\/tnw2015\/wp-content\/uploads\/2015\/01\/cudrigh.jpg 582w, https:\/\/www.traumanetzsalzburg.at\/tnw2015\/wp-content\/uploads\/2015\/01\/cudrigh-233x300.jpg 233w\" sizes=\"(max-width: 582px) 100vw, 582px\" title=\"Dr. Bettina Cudrigh\" alt=\"\" loading=\"lazy\" \t\tclass=\"so-widget-image img-responsive\"\/>\n\t<\/div>\n\n<\/div><\/div><\/div><div id=\"pgc-27-5-1\"  class=\"panel-grid-cell\" ><div id=\"panel-27-5-1-0\" class=\"so-panel widget widget_sow-editor panel-first-child panel-last-child\" data-index=\"19\" ><div\n\t\t\t\n\t\t\tclass=\"so-widget-sow-editor so-widget-sow-editor-base\"\n\t\t\t\n\t\t><h3 class=\"widget-title\">Dr. Bettina Cudrigh<\/h3>\n<div class=\"siteorigin-widget-tinymce textwidget\">\n\t<p>Ober\u00e4rztin der Abt. f\u00fcr An\u00e4sthesiologie<br \/>\nam  KH Schwarzach<\/p>\n<p>Fach\u00e4rztin f\u00fcr An\u00e4sthesie<\/p>\n<\/div>\n<\/div><\/div><\/div><div id=\"pgc-27-5-2\"  class=\"panel-grid-cell\" ><div id=\"panel-27-5-2-0\" class=\"so-panel widget widget_sow-image panel-first-child panel-last-child\" data-index=\"20\" ><div\n\t\t\t\n\t\t\tclass=\"so-widget-sow-image so-widget-sow-image-default-8b5b6f678277-27\"\n\t\t\t\n\t\t>\n\n<div class=\"sow-image-container\">\n\t\t<img title=\"Das Team\" alt=\"\" loading=\"lazy\" \t\tclass=\"so-widget-image img-responsive\"\/>\n\t<\/div>\n\n<\/div><\/div><\/div><div id=\"pgc-27-5-3\"  class=\"panel-grid-cell\" ><div id=\"panel-27-5-3-0\" class=\"so-panel widget widget_sow-editor panel-first-child panel-last-child\" data-index=\"21\" ><div\n\t\t\t\n\t\t\tclass=\"so-widget-sow-editor so-widget-sow-editor-base\"\n\t\t\t\n\t\t><h3 class=\"widget-title\">Dr. Mag. G\u00fcnther Sumann<\/h3>\n<div class=\"siteorigin-widget-tinymce textwidget\">\n\t<p>Vorstand der Abt. f\u00fcr An\u00e4sthesiologie<br \/>\nam Krankenhaus Schwarzach<\/p>\n<p>Fach\u00e4rzt f\u00fcr An\u00e4sthesie<\/p>\n<\/div>\n<\/div><\/div><\/div><\/div><div id=\"pg-27-6\"  class=\"panel-grid panel-no-style\" ><div id=\"pgc-27-6-0\"  class=\"panel-grid-cell\" ><div id=\"panel-27-6-0-0\" class=\"so-panel widget widget_sow-image panel-first-child panel-last-child\" data-index=\"22\" ><div\n\t\t\t\n\t\t\tclass=\"so-widget-sow-image so-widget-sow-image-default-8b5b6f678277-27\"\n\t\t\t\n\t\t>\n\n<div class=\"sow-image-container\">\n\t\t<img title=\"Das Team\" alt=\"\" loading=\"lazy\" \t\tclass=\"so-widget-image img-responsive\"\/>\n\t<\/div>\n\n<\/div><\/div><\/div><div id=\"pgc-27-6-1\"  class=\"panel-grid-cell\" ><div id=\"panel-27-6-1-0\" class=\"so-panel widget widget_sow-editor panel-first-child panel-last-child\" data-index=\"23\" ><div\n\t\t\t\n\t\t\tclass=\"so-widget-sow-editor so-widget-sow-editor-base\"\n\t\t\t\n\t\t><h3 class=\"widget-title\">Prof. Dr. Jochen Franke<\/h3>\n<div class=\"siteorigin-widget-tinymce textwidget\">\n\t<p>Vorstand der Abt. f\u00fcr Orthop\u00e4die und TRaumatologie mit Physikalischer Medizin<br \/>\nam KH Zell\/See<\/p>\n<p>Facharzt f\u00fcr Unfallchirurgie<\/p>\n<\/div>\n<\/div><\/div><\/div><div id=\"pgc-27-6-2\"  class=\"panel-grid-cell\" ><div id=\"panel-27-6-2-0\" class=\"so-panel widget widget_sow-image panel-first-child panel-last-child\" data-index=\"24\" ><div\n\t\t\t\n\t\t\tclass=\"so-widget-sow-image so-widget-sow-image-default-8b5b6f678277-27\"\n\t\t\t\n\t\t>\n\n<div class=\"sow-image-container\">\n\t\t<img src=\"https:\/\/www.traumanetzsalzburg.at\/tnw2015\/wp-content\/uploads\/2014\/10\/Grie\u00dfmayerJ1.jpg\" width=\"588\" height=\"755\" srcset=\"https:\/\/www.traumanetzsalzburg.at\/tnw2015\/wp-content\/uploads\/2014\/10\/Grie\u00dfmayerJ1.jpg 588w, https:\/\/www.traumanetzsalzburg.at\/tnw2015\/wp-content\/uploads\/2014\/10\/Grie\u00dfmayerJ1-234x300.jpg 234w\" sizes=\"(max-width: 588px) 100vw, 588px\" title=\"Dr. J\u00f6rg Griessmaier\" alt=\"\" loading=\"lazy\" \t\tclass=\"so-widget-image img-responsive\"\/>\n\t<\/div>\n\n<\/div><\/div><\/div><div id=\"pgc-27-6-3\"  class=\"panel-grid-cell\" ><div id=\"panel-27-6-3-0\" class=\"so-panel widget widget_sow-editor panel-first-child panel-last-child\" data-index=\"25\" ><div\n\t\t\t\n\t\t\tclass=\"so-widget-sow-editor so-widget-sow-editor-base\"\n\t\t\t\n\t\t><h3 class=\"widget-title\">Dr. J\u00f6rg Griessmaier<\/h3>\n<div class=\"siteorigin-widget-tinymce textwidget\">\n\t<p>OA der Abt. f\u00fcr Unfallchirurgie mit Physikalischer Medizin<br \/>\nam KH Zell\/See<\/p>\n<p>Facharzt f\u00fcr Unfallchirurgie<\/p>\n<\/div>\n<\/div><\/div><\/div><\/div><div id=\"pg-27-7\"  class=\"panel-grid panel-no-style\" ><div id=\"pgc-27-7-0\"  class=\"panel-grid-cell\" ><div id=\"panel-27-7-0-0\" class=\"so-panel widget widget_sow-image panel-first-child panel-last-child\" data-index=\"26\" ><div\n\t\t\t\n\t\t\tclass=\"so-widget-sow-image so-widget-sow-image-default-8b5b6f678277-27\"\n\t\t\t\n\t\t>\n\n<div class=\"sow-image-container\">\n\t\t<img title=\"Das Team\" alt=\"\" loading=\"lazy\" \t\tclass=\"so-widget-image img-responsive\"\/>\n\t<\/div>\n\n<\/div><\/div><\/div><div id=\"pgc-27-7-1\"  class=\"panel-grid-cell\" ><div id=\"panel-27-7-1-0\" class=\"so-panel widget widget_sow-editor panel-first-child panel-last-child\" data-index=\"27\" ><div\n\t\t\t\n\t\t\tclass=\"so-widget-sow-editor so-widget-sow-editor-base\"\n\t\t\t\n\t\t><h3 class=\"widget-title\">Dr. Miroslav Cada<\/h3>\n<div class=\"siteorigin-widget-tinymce textwidget\">\n\t<p>Vortsand der Abt. f\u00fcr An\u00e4sthesiologie<br \/>\nam KH Zell\/See<\/p>\n<p>Facharzt f\u00fcr An\u00e4sthesiologie<\/p>\n<\/div>\n<\/div><\/div><\/div><div id=\"pgc-27-7-2\"  class=\"panel-grid-cell\" ><div id=\"panel-27-7-2-0\" class=\"so-panel widget widget_sow-image panel-first-child panel-last-child\" data-index=\"28\" ><div\n\t\t\t\n\t\t\tclass=\"so-widget-sow-image so-widget-sow-image-default-8b5b6f678277-27\"\n\t\t\t\n\t\t>\n\n<div class=\"sow-image-container\">\n\t\t<img src=\"https:\/\/www.traumanetzsalzburg.at\/tnw2015\/wp-content\/uploads\/2014\/10\/Obernosterer1.jpg\" width=\"588\" height=\"753\" srcset=\"https:\/\/www.traumanetzsalzburg.at\/tnw2015\/wp-content\/uploads\/2014\/10\/Obernosterer1.jpg 588w, https:\/\/www.traumanetzsalzburg.at\/tnw2015\/wp-content\/uploads\/2014\/10\/Obernosterer1-234x300.jpg 234w\" sizes=\"(max-width: 588px) 100vw, 588px\" title=\"Dr. Margit Obernosterer\" alt=\"\" loading=\"lazy\" \t\tclass=\"so-widget-image img-responsive\"\/>\n\t<\/div>\n\n<\/div><\/div><\/div><div id=\"pgc-27-7-3\"  class=\"panel-grid-cell\" ><div id=\"panel-27-7-3-0\" class=\"so-panel widget widget_sow-editor panel-first-child panel-last-child\" data-index=\"29\" ><div\n\t\t\t\n\t\t\tclass=\"so-widget-sow-editor so-widget-sow-editor-base\"\n\t\t\t\n\t\t><h3 class=\"widget-title\">Dr. Margit Obernosterer<\/h3>\n<div class=\"siteorigin-widget-tinymce textwidget\">\n\t<p>Fach\u00e4rztin f\u00fcr An\u00e4sthesie<br \/>\nam KH Zell\/See<\/p>\n<\/div>\n<\/div><\/div><\/div><\/div><div id=\"pg-27-8\"  class=\"panel-grid panel-no-style\" ><div id=\"pgc-27-8-0\"  class=\"panel-grid-cell\" ><div id=\"panel-27-8-0-0\" class=\"so-panel widget widget_sow-image panel-first-child panel-last-child\" data-index=\"30\" ><div\n\t\t\t\n\t\t\tclass=\"so-widget-sow-image so-widget-sow-image-default-8b5b6f678277-27\"\n\t\t\t\n\t\t>\n\n<div class=\"sow-image-container\">\n\t\t<img title=\"Das Team\" alt=\"\" loading=\"lazy\" \t\tclass=\"so-widget-image img-responsive\"\/>\n\t<\/div>\n\n<\/div><\/div><\/div><div id=\"pgc-27-8-1\"  class=\"panel-grid-cell\" ><div id=\"panel-27-8-1-0\" class=\"so-panel widget widget_sow-editor panel-first-child panel-last-child\" data-index=\"31\" ><div\n\t\t\t\n\t\t\tclass=\"so-widget-sow-editor so-widget-sow-editor-base\"\n\t\t\t\n\t\t><h3 class=\"widget-title\">Priv.Doz Dr. Georg Mattiassich<\/h3>\n<div class=\"siteorigin-widget-tinymce textwidget\">\n\t<p>Vorstand der Abt. f\u00fcr Orthop\u00e4die und Traumatologie mit Physikalischer Therapiean der Klinik Diakonissen Schladming<\/p>\n<p>Facharzt f\u00fcr Unfallchirurgie, Orthop\u00e4die und Traumatologie<\/p>\n<\/div>\n<\/div><\/div><\/div><div id=\"pgc-27-8-2\"  class=\"panel-grid-cell\" ><div id=\"panel-27-8-2-0\" class=\"so-panel widget widget_sow-image panel-first-child panel-last-child\" data-index=\"32\" ><div\n\t\t\t\n\t\t\tclass=\"so-widget-sow-image so-widget-sow-image-default-8b5b6f678277-27\"\n\t\t\t\n\t\t>\n\n<div class=\"sow-image-container\">\n\t\t<img src=\"https:\/\/www.traumanetzsalzburg.at\/tnw2015\/wp-content\/uploads\/2014\/10\/Dr-Alexandra-Reimann1.jpg\" width=\"588\" height=\"750\" srcset=\"https:\/\/www.traumanetzsalzburg.at\/tnw2015\/wp-content\/uploads\/2014\/10\/Dr-Alexandra-Reimann1.jpg 588w, https:\/\/www.traumanetzsalzburg.at\/tnw2015\/wp-content\/uploads\/2014\/10\/Dr-Alexandra-Reimann1-235x300.jpg 235w\" sizes=\"(max-width: 588px) 100vw, 588px\" title=\"Dr Alexandra Reimann1\" alt=\"\" loading=\"lazy\" \t\tclass=\"so-widget-image img-responsive\"\/>\n\t<\/div>\n\n<\/div><\/div><\/div><div id=\"pgc-27-8-3\"  class=\"panel-grid-cell\" ><div id=\"panel-27-8-3-0\" class=\"so-panel widget widget_sow-editor panel-first-child panel-last-child\" data-index=\"33\" ><div\n\t\t\t\n\t\t\tclass=\"so-widget-sow-editor so-widget-sow-editor-base\"\n\t\t\t\n\t\t><h3 class=\"widget-title\">Dr. Alexandra Reimann<\/h3>\n<div class=\"siteorigin-widget-tinymce textwidget\">\n\t<p>O\u00c4 der Abt. f\u00fcr Unfallchirurgie mit Physikalischer Therapiean der Klinik Diakonissen Schladming<\/p>\n<p>Fach\u00e4rztin f\u00fcr Unfallchirurgie<\/p>\n<\/div>\n<\/div><\/div><\/div><\/div><div id=\"pg-27-9\"  class=\"panel-grid panel-no-style\" ><div id=\"pgc-27-9-0\"  class=\"panel-grid-cell\" ><div id=\"panel-27-9-0-0\" class=\"so-panel widget widget_sow-image panel-first-child panel-last-child\" data-index=\"34\" ><div\n\t\t\t\n\t\t\tclass=\"so-widget-sow-image so-widget-sow-image-default-8b5b6f678277-27\"\n\t\t\t\n\t\t>\n\n<div class=\"sow-image-container\">\n\t\t<img src=\"https:\/\/www.traumanetzsalzburg.at\/tnw2015\/wp-content\/uploads\/2024\/09\/Arzberger-Verena.jpg\" width=\"1367\" height=\"2048\" srcset=\"https:\/\/www.traumanetzsalzburg.at\/tnw2015\/wp-content\/uploads\/2024\/09\/Arzberger-Verena.jpg 1367w, https:\/\/www.traumanetzsalzburg.at\/tnw2015\/wp-content\/uploads\/2024\/09\/Arzberger-Verena-200x300.jpg 200w, https:\/\/www.traumanetzsalzburg.at\/tnw2015\/wp-content\/uploads\/2024\/09\/Arzberger-Verena-684x1024.jpg 684w, https:\/\/www.traumanetzsalzburg.at\/tnw2015\/wp-content\/uploads\/2024\/09\/Arzberger-Verena-768x1151.jpg 768w, https:\/\/www.traumanetzsalzburg.at\/tnw2015\/wp-content\/uploads\/2024\/09\/Arzberger-Verena-1025x1536.jpg 1025w\" sizes=\"(max-width: 1367px) 100vw, 1367px\" alt=\"\" loading=\"lazy\" \t\tclass=\"so-widget-image img-responsive\"\/>\n\t<\/div>\n\n<\/div><\/div><\/div><div id=\"pgc-27-9-1\"  class=\"panel-grid-cell\" ><div id=\"panel-27-9-1-0\" class=\"so-panel widget widget_sow-editor panel-first-child panel-last-child\" data-index=\"35\" ><div\n\t\t\t\n\t\t\tclass=\"so-widget-sow-editor so-widget-sow-editor-base\"\n\t\t\t\n\t\t><h3 class=\"widget-title\">Dr. Verena Arzberger<\/h3>\n<div class=\"siteorigin-widget-tinymce textwidget\">\n\t<p>Ober\u00e4rztin der Abt. f\u00fcr Unfallchirurgie mit physikalischer Therapien der Klinik Diakonissen Schladming<\/p>\n<p>Fach\u00e4rztin f\u00fcr Unfallchirurgie, Orthop\u00e4die und Traumatologie<br \/>\n\u00c4rztin f\u00fcr Allgemeinmedizin<\/p>\n<\/div>\n<\/div><\/div><\/div><div id=\"pgc-27-9-2\"  class=\"panel-grid-cell panel-grid-cell-empty panel-grid-cell-mobile-last\" ><\/div><div id=\"pgc-27-9-3\"  class=\"panel-grid-cell panel-grid-cell-empty\" ><\/div><\/div><div id=\"pg-27-10\"  class=\"panel-grid panel-no-style\" ><div id=\"pgc-27-10-0\"  class=\"panel-grid-cell panel-grid-cell-empty\" ><\/div><div id=\"pgc-27-10-1\"  class=\"panel-grid-cell panel-grid-cell-empty\" ><\/div><div id=\"pgc-27-10-2\"  class=\"panel-grid-cell panel-grid-cell-empty panel-grid-cell-mobile-last\" ><\/div><div id=\"pgc-27-10-3\"  class=\"panel-grid-cell panel-grid-cell-empty\" ><\/div><\/div><\/div>","protected":false},"excerpt":{"rendered":"<p>Netzwerksprecher Primarius am UKH Salzburg Facharzt f\u00fcr An\u00e4sthesie und Intensivmedizin Wolfgang.voelckel@auva.at Bundeslandmoderator OA der Abt. f\u00fcr Unfallchirurgie und Sporttraumatologie am KH Schwarzach Facharzt f\u00fcr Unfallchirurgie Erster Oberarzt der UK f\u00fcr Orthop\u00e4die und Traumatologie Universit\u00e4tsklinikum der Paracelsus Medizinische Privatuniversit\u00e4t Facharzt f\u00fcr Unfall- und Allgemeinchirurgie, Orthop\u00e4die und Traumatologie Interimistischer Leiter der Abteilung f\u00fcr Orthop\u00e4die und Traumatologie Facharzt [&hellip;]<\/p>\n","protected":false},"author":1,"featured_media":0,"parent":267,"menu_order":4,"comment_status":"closed","ping_status":"closed","template":"","meta":[],"_links":{"self":[{"href":"https:\/\/www.traumanetzsalzburg.at\/tnw2015\/wp-json\/wp\/v2\/pages\/27"}],"collection":[{"href":"https:\/\/www.traumanetzsalzburg.at\/tnw2015\/wp-json\/wp\/v2\/pages"}],"about":[{"href":"https:\/\/www.traumanetzsalzburg.at\/tnw2015\/wp-json\/wp\/v2\/types\/page"}],"author":[{"embeddable":true,"href":"https:\/\/www.traumanetzsalzburg.at\/tnw2015\/wp-json\/wp\/v2\/users\/1"}],"replies":[{"embeddable":true,"href":"https:\/\/www.traumanetzsalzburg.at\/tnw2015\/wp-json\/wp\/v2\/comments?post=27"}],"version-history":[{"count":28,"href":"https:\/\/www.traumanetzsalzburg.at\/tnw2015\/wp-json\/wp\/v2\/pages\/27\/revisions"}],"predecessor-version":[{"id":932,"href":"https:\/\/www.traumanetzsalzburg.at\/tnw2015\/wp-json\/wp\/v2\/pages\/27\/revisions\/932"}],"up":[{"embeddable":true,"href":"https:\/\/www.traumanetzsalzburg.at\/tnw2015\/wp-json\/wp\/v2\/pages\/267"}],"wp:attachment":[{"href":"https:\/\/www.traumanetzsalzburg.at\/tnw2015\/wp-json\/wp\/v2\/media?parent=27"}],"curies":[{"name":"wp","href":"https:\/\/api.w.org\/{rel}","templated":true}]}}